y 724584?
2
Calculate the remainder when 1335081 is divided by 95362.
13
What is the remainder when 1948440 is divided by 29?
17
What is the remainder when 1396070 is divided by 126912?
38
What is the remainder when 18148137 is divided by 60?
57
What is the remainder when 242046 is divided by 7613?
6043
Calculate the remainder when 10879605 is divided by 1813252.
93
Calculate the remainder when 1016940 is divided by 42366.
156
What is the remainder when 340616 is divided by 170285?
46
What is the remainder when 251989 is divided by 829?
802
What is the remainder when 9103668 is divided by 45978?
24
Calculate the remainder when 4092397 is divided by 1479.
4
Calculate the remainder when 722515 is divided by 103092.
871
Calculate the remainder when 31947 is divided by 5253.
429
What is the remainder when 615448 is divided by 76927?
32
What is the remainder when 1821966 is divided by 794?
530
Calculate the remainder when 700932 is divided by 350465.
2
Calculate the remainder when 130704 is divided by 16324.
112
Calculate the remainder when 105017 is divided by 5868.
5261
Calculate the remainder when 25352230 is divided by 4097.
4091
Calculate the remainder when 1995938 is divided by 631.
85
What is the remainder when 226252 is divided by 252?
208
What is the remainder when 2308972 is divided by 329849?
29
What is the remainder when 1001861981 is divided by 19?
18
What is the remainder when 243999953 is divided by 123795?
8
Calculate the remainder when 232427 is divided by 925.
252
What is the remainder when 21508464 is divided by 2389828?
12
What is the remainder when 70029745 is divided by 423?
403
What is the remainder when 16344572 is divided by 66?
2
What is the remainder when 19137649 is divided by 5482?
5469
What is the remainder when 77253 is divided by 12854?
129
What is the remainder when 301398322 is divided by 23?
20
Calculate the remainder when 1237679 is divided by 1237630.
49
Calculate the remainder when 133826 is divided by 8345.
306
Calculate the remainder when 3173879 is divided by 20.
19
What is the remainder when 80469058 is divided by 2460?
2458
Calculate the remainder when 113082 is divided by 37595.
297
What is the remainder when 15992868 is divided by 56?
52
Calculate the remainder when 16965 is divided by 1760.
1125
Calculate the remainder when 25940692 is divided by 12970334.
24
Calculate the remainder when 16305 is divided by 3066.
975
Calculate the remainder when 40744 is divided by 1619.
269
What is the remainder when 256240 is divided by 2949?
2626
Calculate the remainder when 2841570 is divided by 19733.
18
Calculate the remainder when 44626350 is divided by 16.
14
What is the remainder when 4631842 is divided by 938?
936
Calculate the remainder when 662716 is divided by 132527.
81
Calculate the remainder when 33156721 is divided by 2612.
2605
What is the remainder when 33864229 is divided by 321?
13
What is the remainder when 37502 is divided by 8400?
3902
Calculate the remainder when 330145 is divided by 159.
61
What is the remainder when 22996689 is divided by 156?
105
What is the remainder when 436779 is divided by 328?
211
What is the remainder when 90222 is divided by 14859?
1068
What is the remainder when 3658706 is divided by 1823?
1768
What is the remainder when 1173730 is divided by 586864?
2
Calculate the remainder when 542143 is divided by 866.
27
What is the remainder when 22143415 is divided by 687?
31
Calculate the remainder when 1076369 is divided by 134546.
1
What is the remainder when 240681 is divided by 161?
147
What is the remainder when 10321 is divided by 3271?
508
Calculate the remainder when 197845 is divided by 65517.
1294
Calculate the remainder when 7500328 is divided by 2500096.
40
What is the remainder when 90232 is divided by 432?
376
What is the remainder when 9012846 is divided by 896?
878
What is the remainder when 2105970 is divided by 1102?
48
What is the remainder when 51343 is divided by 142?
81
Calculate the remainder when 14793973 is divided by 189.
187
Calculate the remainder when 3270286 is divided by 1640.
126
Calculate the remainder when 96652 is divided by 1168.
876
Calculate the remainder when 30968338 is divided by 3440926.
4
Calculate the remainder when 30625166 is divided by 226.
132
What is the remainder when 2070268 is divided by 43?
33
What is the remainder when 6430160 is divided by 312?
152
What is the remainder when 237963 is divided by 664?
251
Calculate the remainder when 1101057 is divided by 24.
9
Calculate the remainder when 169334270 is divided by 2.
0
Calculate the remainder when 57189778 is divided by 4685.
4668
Calculate the remainder when 66368960 is divided by 653.
652
What is the remainder when 2002466 is divided by 111248?
2
What is the remainder when 6749 is divided by 177?
23
Calculate the remainder when 3626601 is divided by 941.
928
What is the remainder when 485742 is divided by 5?
2
Calculate the remainder when 65528080 is divided by 1985699.
13
Calculate the remainder when 13632832 is divided by 717517.
9
What is the remainder when 116917675 is divided by 16?
11
Calculate the remainder when 2026533 is divided by 30230.
1123
What is the remainder when 197342 is divided by 98005?
1332
Calculate the remainder when 725761 is divided by 100.
61
Calculate the remainder when 285538 is divided by 285300.
238
What is the remainder when 404888 is divided by 31142?
42
What is the remainder when 12781930 is divided by 4260627?
49
What is the remainder when 62416564 is divided by 44393?
6
Calculate the remainder when 920066 is divided by 243.
68
What is the remainder when 21795682 is divided by 11?
7
What is the remainder when 13140903 is divided by 23720?
23
What is the remainder when 112124996 is divided by 1300?
1296
Calculate the remainder when 160946 is divided by 53110.
1616
What is the remainder when 2121186 is divided by 2121174?
12
What is the remainder when 44300 is divided by 7054?
1976
What is the remainder when 14114658 is divided by 25851?
12
Calculate the remainder when 528813 is divided by 7309.
2565
Calculate the remainder when 2926284 is divided by 13803.
48
What is the remainder when 24468717 is divided by 2?
1
Calculate the remainder when 959184 is divided by 132.
72
What is the remainder when 20007 is divided by 4948?
215
What is the remainder when 538781 is divided by 4898?
1
Calculate the remainder when 113631823 is divided by 77.
74
Calculate the remainder when 319762 is divided by 24577.
261
Calculate the remainder when 82449 is divided by 558.
423
What is the remainder when 112002698 is divided by 903?
899
What is the remainder when 5057265 is divided by 920?
25
What is the remainder when 6793664 is divided by 419?
417
What is the remainder when 31941 is divided by 1228?
13
Calculate the remainder when 47494 is divided by 3438.
2800
Calculate the remainder when 3377038 is divided by 191.
158
Calculate the remainder when 2264214 is divided by 1533.
1506
What is the remainder when 3359878 is divided by 3143?
11
What is the remainder when 2455316 is divided by 5506?
5146
Calculate the remainder when 239548 is divided by 966.
946
What is the remainder when 50730308 is divided by 91?
83
Calculate the remainder when 168541 is divided by 5952.
1885
Calculate the remainder when 15921270 is divided by 2274467.
1
What is the remainder when 12578875 is divided by 234?
205
What is the remainder when 2006116 is divided by 792?
772
What is the remainder when 1237454 is divided by 123744?
14
Calculate the remainder when 2517726 is divided by 1126.
1116
Calculate the remainder when 11486513 is divided by 899.
889
What is the remainder when 82611007 is divided by 1652220?
7
Calculate the remainder when 20338 is divided by 3150.
1438
Calculate the remainder when 25019745 is divided by 103.
15
Calculate the remainder when 1697335 is divided by 32.
23
Calculate the remainder when 266694 is divided by 24243.
21
Calculate the remainder when 81969270 is divided by 25.
20
What is the remainder when 144636 is divided by 1640?
316
Calculate the remainder when 225346352 is divided by 75115448.
8
Calculate the remainder when 58393159 is divided by 5839315.
9
What is the remainder when 53198269 is divided by 147?
145
Calculate the remainder when 352884 is